 base 10?
55705
Convert 52327 (base 8) to base 7.
120215
2122002110021 (base 3) to base 14
285d2a
What is -9b5269 (base 13) in base 7?
-43112412
Convert -1101111101011000101111 (base 2) to base 5.
-1414044221
-312123324 (base 5) to base 3
-2102100011221
What is -194b30 (base 13) in base 5?
-130422103
Convert -846797 (base 10) to base 15.
-11ad82
What is -40424402 (base 5) in base 9?
-547318
Convert 3cba47 (base 15) to base 9.
5447384
Convert 1131032031 (base 4) to base 2.
1011101001110001101
What is -598106 (base 10) in base 16?
-9205a
Convert 10012221200100 (base 3) to base 7.
20355450
What is 127451 (base 13) in base 2?
1101100100001111000
-10101110001000001 (base 2) to base 7
-520631
122130010 (base 4) to base 3
12111112211
Convert -252256 (base 8) to base 15.
-1ac94
Convert 2241240220 (base 5) to base 14.
94b0c3
-1031404434 (base 5) to base 16
-21d134
5165413 (base 7) to base 5
124341004
-1847087 (base 11) to base 9
-5786654
What is -5b884 (base 12) in base 7?
-1024225
Convert 312634 (base 8) to base 4.
121112130
Convert 20560124 (base 7) to base 13.
4916c6
-325115 (base 9) to base 12
-94335
Convert -25cb6b (base 14) to base 4.
-10332011323
11011000011100001 (base 2) to base 12
54169
What is 76905 (base 11) in base 15?
230cc
Convert -64351 (base 8) to base 14.
-9b05
-111010011111111111110 (base 2) to base 8
-7237776
What is -471f2 (base 16) in base 7?
-2322212
-1501120 (base 7) to base 9
-337184
Convert -23001224 (base 6) to base 3.
-1022120102021
203300 (base 4) to base 6
14332
Convert 43120002 (base 5) to base 15.
72ba2
Convert -11bb9 (base 16) to base 11.
-4a630
1240346 (base 7) to base 4
213110120
What is -1001101011110101110 (base 2) in base 3?
-121010100000
Convert -11645 (base 7) to base 8.
-5777
What is -17aad6 (base 16) in base 6?
-53124502
2735466 (base 9) to base 4
11232030201
What is -21423201 (base 5) in base 4?
-231123003
What is -28765 (base 9) in base 15?
-5c05
-10102102111002 (base 3) to base 9
-3372432
Convert 1111111111001001 (base 2) to base 11.
45219
What is 4a0105 (base 16) in base 8?
22400405
Convert -26aa638 (base 13) to base 8.
-56400501
17245724 (base 8) to base 10
4017108
-374850a (base 13) to base 2
-1000001101010001011111001
Convert -10010101000100110 (base 2) to base 6.
-1345210
-35651015 (base 7) to base 3
-12222011021022
Convert 117314 (base 8) to base 5.
2300102
10110000000000011 (base 2) to base 6
1533111
What is 10100100111010111001 (base 2) in base 14?
13826d
-25249 (base 14) to base 6
-1541201
964c (base 14) to base 10
25940
-1888b49 (base 13) to base 10
-8045137
What is 15445113 (base 8) in base 5?
1402323323
101826 (base 11) to base 16
27e32
What is -30a89 (base 11) in base 12?
-22212
-82266 (base 13) to base 16
-38f58
1010111100000000010 (base 2) to base 13
c7195
6633d (base 14) to base 2
111100011100110011
Convert 120c1a2 (base 13) to base 8.
25261634
Convert 60dc5 (base 14) to base 12.
b2b69
What is -33213132113 (base 4) in base 5?
-2022000342
What is 2477b (base 13) in base 10?
67195
What is 5ab03 (base 12) in base 15?
2649c
62a9a1 (base 14) to base 6
155235041
Convert 7252b1 (base 14) to base 15.
51272c
-23482663 (base 9) to base 10
-11450946
-222102320 (base 4) to base 6
-3414012
What is 1122123200 (base 6) in base 9?
25332180
-a6329 (base 12) to base 7
-1566063
Convert 100102020112112 (base 3) to base 4.
103011233120
Convert 96d73 (base 14) to base 5.
43133412
What is -20102020110 (base 3) in base 11?
-86980
5861874 (base 9) to base 7
35643112
b5a8 (base 15) to base 16
9608
Convert 44867 (base 11) to base 2.
1111110110100001
What is 24114043 (base 5) in base 2?
110110011100101111
56a38 (base 14) to base 3
101200211022
-126525164 (base 7) to base 9
-16400755
What is 12155334 (base 6) in base 5?
44414324
What is -328588 (base 9) in base 8?
-577752
Convert 30461007 (base 8) to base 5.
3122310443
1486247 (base 9) to base 10
824704
1101514550 (base 6) to base 10
11845218
-552112 (base 10) to base 8
-2066260
What is 221001122120 (base 3) in base 14?
cbaa2
What is -3301311 (base 4) in base 15?
-48bc
Convert 213132101 (base 4) to base 2.
100111011110010001
What is 128a577 (base 11) in base 4?
20133022112
-1ca931 (base 13) to base 9
-1343656
What is f3f6 (base 16) in base 14?
18a90
Convert 31231203 (base 5) to base 16.
3f0ff
35a530a (base 11) to base 13
13b8575
11201122010222 (base 3) to base 14
49577b
Convert 11834307 (base 9) to base 4.
112022113303
What is 1555832 (base 11) in base 9?
5000576
-2112311112 (base 5) to base 4
-100312032113
What is -10261542 (base 7) in base 2?
-11010100111011110101
What is 32577 (base 9) in base 16?
5470
Convert -1510939 (base 10) to base 15.
-1eca44
What is 48ac40 (base 14) in base 9?
4612478
4013420243 (base 5) to base 12
27b5563
What is 133133012 (base 4) in base 10?
128966
What is 40120114 (base 5) in base 11?
1a710a
23a5a60 (base 11) to base 9
7771648
Convert -45cc3a (base 14) to base 8.
-11045724
-2100102121122 (base 3) to base 14
-246dc5
1332212021 (base 5) to base 3
20101121212000
3462113 (base 9) to base 11
1069046
Convert 127a028 (base 13) to base 8.
26057136
Convert -5d6ba (base 15) to base 13.
-a5b56
Convert 896a9 (base 14) to base 13.
b8963
Convert -30848 (base 11) to base 8.
-127617
What is -22115424 (base 6) in base 7?
-5432251
What is -1200000211012 (base 3) in base 6?
-30555222
What is -113004244 (base 5) in base 4?
-1332001213
-5315985 (base 12) to base 13
-333c4c4
-1000212212112 (base 3) to base 7
-4444061
25ca33b (base 13) to base 12
3b8837a
What is 140c22 (base 16) in base 11?
818108
-10111000011110010 (base 2) to base 11
-64a64
What is 45992 (base 13) in base 6?
2415205
Convert -28277 (base 12) to base 14.
-1640b
Convert -1124441010 (base 5) to base 7.
-30623646
What is 344454a (base 11) in base 12?
202594a
What is -6503064 (base 9) in base 10?
-3486136
What is 154374 (base 8) in base 10?
55548
-83473 (base 10) to base 14
-225c5
What is -304a1a (base 14) in base 5?
-404021212
Convert -35a32 (base 11) to base 10.
-51823
What is -388008 (base 15) in base 5?
-1143211013
-45da16 (base 14) to base 9
-4428136
Convert 101201121201 (base 4) to base 2.
10001100001011001100001
12104343410 (base 5) to base 15
1393ca5
What is -5320525 (base 6) in base 10?
-259397
What is 69631 (base 10) in base 6?
1254211
Convert -25111206 (base 8) to base 3.
-101102120221001
What is 6224 (base 10) in base 4?
1201100
-7d9191 (base 14) to base 13
-b723b1
-67278 (base 16) to base 12
-184620
What is 837075 (base 16) in base 12?
2a74b59
Convert 30033213130 (base 4) to base 2.
1100001111100111011100
-10010010001000111000111 (base 2) to base 9
-10007744
What is 14647 (base 11) in base 13?
9597
Convert 1001011011001111 (base 2) to base 16.
96cf
Convert 16a1c (base 14) to base 8.
157042
What is -1066c84 (base 14) in base 3?
-112122012201210
What is 13773584 (base 9) in base 6?
402331034
12314b (base 16) to base 6
41315431
Convert -56773 (base 8) to base 6.
-303215
10011110010100101111110 (base 2) to base 13
10c8504
Convert 18080275 (base 9) to base 14.
12c794b
What is -32906 (base 13) in base 2?
-10110010111010100
Convert 146923 (base 14) to base 8.
2552163
-10536120 (base 7) to base 11
-576978
Convert -2212101121011 (base 3) to base 8.
-5637165
What is -2210211112112 (base 3) in base 4?
-11230122233
What is 1103013111 (base 4) in base 8?
1230725
-1543808 (base 11) to base 8
-12044735
1111111110001010110 (base 2) to base 9
876810
Convert -2003646 (base 7) to base 5.
-30033110
What is 2130222 (base 5) in base 13?
136b3
15240525 (base 7) to base 2
101100011010010100110
Convert -10406632 (base 7) to base 12.
-370a4a
dc36d (base 14) to base 2
10000010001000011101
What is 31513 (base 9) in base 5?
1131304
-2dd546 (base 14) to base 15
-21c865
What is 101010110001011011110 (base 2) in base 10?
1401566
What is 554500 (base 6) in base 13?
18177
Convert -107272 (base 10) to base 14.
-2b144
Convert 315b94 (base 12) to base 3.
1110111121211
Convert -32122344 (base 6) to base 15.
-139ac1
111021102020 (base 3) to base 15
52640
25642415 (base 7) to base 10
2346671
Convert -970632 (base 11) to base 12.
-62a683
What is 720708 (base 11) in base 7?
12560422
What is 1389114 (base 11) in base 4?
21012001111
-1130320333 (base 4) to base 14
-9c931
-c202c (base 13) to base 3
-122122012221
What is -13685